{"id":13587,"date":"2026-03-11T19:48:46","date_gmt":"2026-03-11T18:48:46","guid":{"rendered":"https:\/\/karmaflowyoga.com\/?page_id=13587"},"modified":"2026-03-11T19:57:23","modified_gmt":"2026-03-11T18:57:23","slug":"formations","status":"publish","type":"page","link":"https:\/\/karmaflowyoga.com\/index.php\/formations\/","title":{"rendered":"FORMATIONS"},"content":{"rendered":"\t\t<div data-elementor-type=\"wp-page\" data-elementor-id=\"13587\" class=\"elementor elementor-13587\">\n\t\t\t\t\t\t<section class=\"elementor-section elementor-top-section elementor-element elementor-element-5d8083e elementor-section-boxed elementor-section-height-default elementor-section-height-default\" data-id=\"5d8083e\" data-element_type=\"section\" data-e-type=\"section\">\n\t\t\t\t\t\t<div class=\"elementor-container elementor-column-gap-default\">\n\t\t\t\t\t<div class=\"elementor-column elementor-col-100 elementor-top-column elementor-element elementor-element-374bba5e\" data-id=\"374bba5e\" data-element_type=\"column\" data-e-type=\"column\">\n\t\t\t<div class=\"elementor-widget-wrap elementor-element-populated\">\n\t\t\t\t\t\t<div class=\"elementor-element elementor-element-123f966f elementor-widget elementor-widget-text-editor\" data-id=\"123f966f\" data-element_type=\"widget\" data-e-type=\"widget\" data-widget_type=\"text-editor.default\">\n\t\t\t\t<div class=\"elementor-widget-container\">\n\t\t\t\t\t\t\t\t\t\n\n\n<p><\/p>\n\t\t\t\t\t\t\t\t<\/div>\n\t\t\t\t<\/div>\n\t\t\t\t\t<\/div>\n\t\t<\/div>\n\t\t\t\t\t<\/div>\n\t\t<\/section>\n\t\t\t\t<section class=\"elementor-section elementor-top-section elementor-element elementor-element-39f25bd elementor-section-boxed elementor-section-height-default elementor-section-height-default\" data-id=\"39f25bd\" data-element_type=\"section\" data-e-type=\"section\">\n\t\t\t\t\t\t<div class=\"elementor-container elementor-column-gap-default\">\n\t\t\t\t\t<div class=\"elementor-column elementor-col-100 elementor-top-column elementor-element elementor-element-d1b17e4\" data-id=\"d1b17e4\" data-element_type=\"column\" data-e-type=\"column\">\n\t\t\t<div class=\"elementor-widget-wrap elementor-element-populated\">\n\t\t\t\t\t\t<div class=\"elementor-element elementor-element-05ef903 elementor-widget elementor-widget-heading\" data-id=\"05ef903\" data-element_type=\"widget\" data-e-type=\"widget\" data-widget_type=\"heading.default\">\n\t\t\t\t<div class=\"elementor-widget-container\">\n\t\t\t\t\t<h1 class=\"elementor-heading-title elementor-size-default\">FORMATION MASSAGE<\/h1>\t\t\t\t<\/div>\n\t\t\t\t<\/div>\n\t\t\t\t\t<\/div>\n\t\t<\/div>\n\t\t\t\t\t<\/div>\n\t\t<\/section>\n\t\t\t\t<section class=\"elementor-section elementor-top-section elementor-element elementor-element-e627197 elementor-section-boxed elementor-section-height-default elementor-section-height-default\" data-id=\"e627197\" data-element_type=\"section\" data-e-type=\"section\">\n\t\t\t\t\t\t<div class=\"elementor-container elementor-column-gap-default\">\n\t\t\t\t\t<div class=\"elementor-column elementor-col-100 elementor-top-column elementor-element elementor-element-fa11db0\" data-id=\"fa11db0\" data-element_type=\"column\" data-e-type=\"column\">\n\t\t\t<div class=\"elementor-widget-wrap elementor-element-populated\">\n\t\t\t\t\t\t<div class=\"elementor-element elementor-element-3835ffb elementor-widget elementor-widget-text-editor\" data-id=\"3835ffb\" data-element_type=\"widget\" data-e-type=\"widget\" data-widget_type=\"text-editor.default\">\n\t\t\t\t<div class=\"elementor-widget-container\">\n\t\t\t\t\t\t\t\t\t<p><strong>Formation Massage Ayurv\u00e9dique Abhyanga \u2013 L\u2019art du toucher selon l\u2019Ayurveda<\/strong><\/p>\n<p><img decoding=\"async\" class=\"an1\" draggable=\"false\" src=\"https:\/\/fonts.gstatic.com\/s\/e\/notoemoji\/17.0\/1f33f\/32.png\" alt=\"\ud83c\udf3f\" data-emoji=\"\ud83c\udf3f\" aria-label=\"\ud83c\udf3f\" \/>\u00a0<strong>Une immersion de 30h dans la sagesse de l\u2019Ayurveda, pour enrichir votre pratique ou offrir un soin profond\u00e9ment r\u00e9g\u00e9n\u00e9rant.<\/strong><\/p>\n<p>Caroline Decarsin vous invite \u00e0 d\u00e9couvrir\u00a0<strong>le massage ayurv\u00e9dique Abhyanga<\/strong>, l\u2019un des soins les plus embl\u00e9matiques de l\u2019Ayurveda et le best Seller de ses massages. R\u00e9alis\u00e9 avec des huiles v\u00e9g\u00e9tales et des mouvements enveloppants, rythm\u00e9s et fluides, ce massage est reconnu pour sa puissance relaxante et r\u00e9\u00e9quilibrante.<\/p>\n<p>Bien plus qu\u2019un simple massage,\u00a0<strong>l\u2019Abhyanga est un v\u00e9ritable rituel de r\u00e9g\u00e9n\u00e9ration<\/strong>. Il nourrit les tissus, stimule l\u2019\u00e9nergie vitale et aide le corps \u00e0 retrouver son harmonie naturelle.<\/p>\n<p><img decoding=\"async\" class=\"an1\" draggable=\"false\" src=\"https:\/\/fonts.gstatic.com\/s\/e\/notoemoji\/17.0\/2728\/32.png\" alt=\"\u2728\" data-emoji=\"\u2728\" aria-label=\"\u2728\" \/>\u00a0<strong>Les bienfaits du massage Abhyanga :<\/strong><\/p>\n<p>\u2022 Rel\u00e2che profond\u00e9ment les tensions physiques et mentales<br \/>\u2022 Apaise le syst\u00e8me nerveux et r\u00e9duit le stress<br \/>\u2022 Stimule la circulation sanguine et lymphatique<br \/>\u2022 Favorise l\u2019\u00e9limination des toxines<br \/>\u2022 Nourrit et r\u00e9g\u00e9n\u00e8re la peau gr\u00e2ce aux huiles chaudes<br \/>\u2022 Renforce la vitalit\u00e9 et l\u2019ancrage<br \/>\u2022 R\u00e9\u00e9quilibre les \u00e9nergies du corps selon les principes de l\u2019Ayurveda<\/p>\n<p><strong>Au cours de cette formation, vous apprendrez :<\/strong><\/p>\n<p>\u2022 Les gestes traditionnels du massage Abhyanga<\/p>\n<p>\u2022 La qualit\u00e9 de pr\u00e9sence et la conscience du toucher<\/p>\n<p>\u2022 La fluidit\u00e9 des mouvements<\/p>\n<p>\u2022 Les bases de l\u2019Ayurveda pour adapter le massage aux besoins de chacun<\/p>\n<p>Par ailleurs,\u00a0<strong>Caroline est titulaire d\u2019un CAP esth\u00e9tique<\/strong>, ce qui lui permet de transmettre \u00e9galement toutes les bases essentielles li\u00e9es \u00e0 l\u2019<strong>accueil du client, au professionnalisme et \u00e0 la qualit\u00e9 de la prise en charge<\/strong>, des \u00e9l\u00e9ments indispensables pour proposer un soin dans les meilleures conditions.<\/p>\n<p>Cette formation s\u2019adresse aux\u00a0<strong>professionnels du bien-\u00eatre, th\u00e9rapeutes, praticiens ou personnes en reconversion<\/strong>, mais aussi \u00e0 toute personne souhaitant apprendre un massage profond\u00e9ment ressour\u00e7ant.<\/p>\n<p>La formation comprend\u00a0<strong>30 heures d\u2019apprentissage r\u00e9parties sur deux week-ends<\/strong>, afin de permettre une int\u00e9gration progressive des gestes et une pratique approfondie du massage.<\/p>\n<p><b>week end 1 : 19-20 Septembre 2026<\/b><\/p>\n<p><b>week-end 2 : 17 &#8211; 18 Octobre 2026<\/b><\/p>\n<p><i><u>il faut absolument \u00eatre disponible sur ces 2 week-ends pour participer \u00e0 la formation<\/u><\/i><\/p>\n<p><b>Tarifs : 690E\u00a0<\/b><i><u><br \/><\/u><\/i><\/p>\n<p><b>R\u00e9glements : acompte de 90E pour r\u00e9server ta place + 300E en septembre + 300E en Octobre<\/b><\/p>\n<p><b>Lieu : Lyon centre\u00a0<\/b>( le lieu sera pr\u00e9cis\u00e9 en Septembre selon le nombre d&rsquo;inscriptions)<\/p>\n<p>Les places sont limit\u00e9es \u2013 r\u00e9servez votre place d\u00e8s maintenant en remplissant ce formulaire et apprenez l\u2019un des massages les plus complets et les plus appr\u00e9ci\u00e9s du monde.<\/p>\t\t\t\t\t\t\t\t<\/div>\n\t\t\t\t<\/div>\n\t\t\t\t\t<\/div>\n\t\t<\/div>\n\t\t\t\t\t<\/div>\n\t\t<\/section>\n\t\t\t\t<section class=\"elementor-section elementor-top-section elementor-element elementor-element-471a050 elementor-section-boxed elementor-section-height-default elementor-section-height-default\" data-id=\"471a050\" data-element_type=\"section\" data-e-type=\"section\">\n\t\t\t\t\t\t<div class=\"elementor-container elementor-column-gap-default\">\n\t\t\t\t\t<div class=\"elementor-column elementor-col-100 elementor-top-column elementor-element elementor-element-392850e\" data-id=\"392850e\" data-element_type=\"column\" data-e-type=\"column\">\n\t\t\t<div class=\"elementor-widget-wrap elementor-element-populated\">\n\t\t\t\t\t\t<div class=\"elementor-element elementor-element-c69e920 elementor-widget elementor-widget-button\" data-id=\"c69e920\" data-element_type=\"widget\" data-e-type=\"widget\" data-widget_type=\"button.default\">\n\t\t\t\t<div class=\"elementor-widget-container\">\n\t\t\t\t\t\t\t\t\t<div class=\"elementor-button-wrapper\">\n\t\t\t\t\t<a class=\"elementor-button elementor-button-link elementor-size-md\" href=\"https:\/\/forms.gle\/D14qWYxpXt1JdU1u7\">\n\t\t\t\t\t\t<span class=\"elementor-button-content-wrapper\">\n\t\t\t\t\t\t\t\t\t<span class=\"elementor-button-text\">formulaire d'inscription<\/span>\n\t\t\t\t\t<\/span>\n\t\t\t\t\t<\/a>\n\t\t\t\t<\/div>\n\t\t\t\t\t\t\t\t<\/div>\n\t\t\t\t<\/div>\n\t\t\t\t<div class=\"elementor-element elementor-element-14f66e8 elementor-widget elementor-widget-image\" data-id=\"14f66e8\" data-element_type=\"widget\" data-e-type=\"widget\" data-widget_type=\"image.default\">\n\t\t\t\t<div class=\"elementor-widget-container\">\n\t\t\t\t\t\t\t\t\t\t\t\t\t\t\t<img fetchpriority=\"high\" decoding=\"async\" width=\"1024\" height=\"726\" src=\"https:\/\/karmaflowyoga.com\/wp-content\/uploads\/2026\/03\/massage-ayurvedique-transmis-par-caroline-1024x726.png\" class=\"attachment-large size-large wp-image-13592\" alt=\"massage ayurvedique\" srcset=\"https:\/\/karmaflowyoga.com\/wp-content\/uploads\/2026\/03\/massage-ayurvedique-transmis-par-caroline-1024x726.png 1024w, https:\/\/karmaflowyoga.com\/wp-content\/uploads\/2026\/03\/massage-ayurvedique-transmis-par-caroline-300x213.png 300w, https:\/\/karmaflowyoga.com\/wp-content\/uploads\/2026\/03\/massage-ayurvedique-transmis-par-caroline-768x545.png 768w, https:\/\/karmaflowyoga.com\/wp-content\/uploads\/2026\/03\/massage-ayurvedique-transmis-par-caroline-1536x1090.png 1536w, https:\/\/karmaflowyoga.com\/wp-content\/uploads\/2026\/03\/massage-ayurvedique-transmis-par-caroline.png 1748w\" sizes=\"(max-width: 1024px) 100vw, 1024px\" \/>\t\t\t\t\t\t\t\t\t\t\t\t\t\t\t<\/div>\n\t\t\t\t<\/div>\n\t\t\t\t\t<\/div>\n\t\t<\/div>\n\t\t\t\t\t<\/div>\n\t\t<\/section>\n\t\t\t\t<\/div>\n\t\t","protected":false},"excerpt":{"rendered":"<p>FORMATION MASSAGE Formation Massage Ayurv\u00e9dique Abhyanga \u2013 L\u2019art du toucher selon l\u2019Ayurveda \u00a0Une immersion de 30h dans la sagesse de l\u2019Ayurveda, pour enrichir votre pratique ou offrir un soin profond\u00e9ment r\u00e9g\u00e9n\u00e9rant. Caroline Decarsin vous invite \u00e0 d\u00e9couvrir\u00a0le massage ayurv\u00e9dique Abhyanga, l\u2019un des soins les plus embl\u00e9matiques de l\u2019Ayurveda et le best Seller de ses massages. [&hellip;]<\/p>\n","protected":false},"author":3,"featured_media":0,"parent":0,"menu_order":0,"comment_status":"closed","ping_status":"closed","template":"","meta":{"footnotes":""},"class_list":["post-13587","page","type-page","status-publish","hentry","entry"],"_links":{"self":[{"href":"https:\/\/karmaflowyoga.com\/index.php\/wp-json\/wp\/v2\/pages\/13587","targetHints":{"allow":["GET"]}}],"collection":[{"href":"https:\/\/karmaflowyoga.com\/index.php\/wp-json\/wp\/v2\/pages"}],"about":[{"href":"https:\/\/karmaflowyoga.com\/index.php\/wp-json\/wp\/v2\/types\/page"}],"author":[{"embeddable":true,"href":"https:\/\/karmaflowyoga.com\/index.php\/wp-json\/wp\/v2\/users\/3"}],"replies":[{"embeddable":true,"href":"https:\/\/karmaflowyoga.com\/index.php\/wp-json\/wp\/v2\/comments?post=13587"}],"version-history":[{"count":7,"href":"https:\/\/karmaflowyoga.com\/index.php\/wp-json\/wp\/v2\/pages\/13587\/revisions"}],"predecessor-version":[{"id":13595,"href":"https:\/\/karmaflowyoga.com\/index.php\/wp-json\/wp\/v2\/pages\/13587\/revisions\/13595"}],"wp:attachment":[{"href":"https:\/\/karmaflowyoga.com\/index.php\/wp-json\/wp\/v2\/media?parent=13587"}],"curies":[{"name":"wp","href":"https:\/\/api.w.org\/{rel}","templated":true}]}}